{"id":13,"date":"2023-05-24T06:17:35","date_gmt":"2023-05-24T09:17:35","guid":{"rendered":"https:\/\/bernardo.digital\/55studio-site\/?page_id=13"},"modified":"2023-06-04T13:54:34","modified_gmt":"2023-06-04T16:54:34","slug":"home","status":"publish","type":"page","link":"https:\/\/55studio.com\/","title":{"rendered":"home"},"content":{"rendered":"<div class=\"slider-wrapper relative\" id=\"slider-1632654442\" >\n    <div class=\"slider slider-nav-circle slider-nav-large slider-nav-light slider-style-normal\"\n        data-flickity-options='{\n            \"cellAlign\": \"center\",\n            \"imagesLoaded\": true,\n            \"lazyLoad\": 1,\n            \"freeScroll\": false,\n            \"wrapAround\": true,\n            \"autoPlay\": 6000,\n            \"pauseAutoPlayOnHover\" : true,\n            \"prevNextButtons\": true,\n            \"contain\" : true,\n            \"adaptiveHeight\" : true,\n            \"dragThreshold\" : 10,\n            \"percentPosition\": true,\n            \"pageDots\": true,\n            \"rightToLeft\": false,\n            \"draggable\": true,\n            \"selectedAttraction\": 0.1,\n            \"parallax\" : 0,\n            \"friction\": 0.6        }'\n        >\n        \n\t<section class=\"section dark\" id=\"section_1048670092\">\n\t\t<div class=\"bg section-bg fill bg-fill  \" >\n\n\t\t\t\n\t\t\t<div class=\"section-bg-overlay absolute fill\"><\/div>\n\t\t\t\n\n\t\t<\/div>\n\n\t\t\n\n\t\t<div class=\"section-content relative\">\n\t\t\t\n<div class=\"row\"  id=\"row-2005179657\">\n\n\t<div id=\"col-21643628\" class=\"col medium-8 small-12 large-6\"  >\n\t\t\t\t<div class=\"col-inner\"  >\n\t\t\t\n\t\t\t\n<div class=\"is-divider divider clearfix\" style=\"margin-top:10px;margin-bottom:10px;background-color:rgb(111, 166, 212);\"><\/div>\n\t<div id=\"text-916324591\" class=\"text\">\n\t\t\n<h6>nOSSOS TRABALHOS<\/h6>\n<h3 class=\"thin-font uppercase\"><span style=\"font-size: 200%;\"><strong>villa oasis<\/strong><br \/>\nJericoacoara &#8211; CE<\/span><\/h3>\n<p>Destaque do projeto foi a customiza\u00e7\u00e3o integral de todos os elementos.<\/p>\n\t\t\n<style>\n#text-916324591 {\n  font-size: 0.85rem;\n}\n<\/style>\n\t<\/div>\n\t\n\t<div id=\"gap-733530899\" class=\"gap-element clearfix\" style=\"display:block; height:auto;\">\n\t\t\n<style>\n#gap-733530899 {\n  padding-top: 20px;\n}\n<\/style>\n\t<\/div>\n\t\n<a href=\"#projetos\" target=\"_self\" class=\"button white is-outline\"  >\n    <span>nossos PROJETOs<\/span>\n  <i class=\"icon-angle-right\" aria-hidden=\"true\" ><\/i><\/a>\n\n\t\t<\/div>\n\t\t\t\t\t<\/div>\n\n\t\n<\/div>\n\t\t<\/div>\n\n\t\t\n<style>\n#section_1048670092 {\n  padding-top: 80px;\n  padding-bottom: 80px;\n  min-height: 500px;\n}\n#section_1048670092 .section-bg-overlay {\n  background-color: rgba(0, 0, 0, 0.41);\n}\n#section_1048670092 .section-bg.bg-loaded {\n  background-image: url(https:\/\/55studio.com\/wp-content\/uploads\/2023\/06\/06-1.jpg);\n}\n#section_1048670092 .section-bg {\n  background-position: 32% 39%;\n}\n#section_1048670092 .ux-shape-divider--top svg {\n  height: 150px;\n  --divider-top-width: 100%;\n}\n#section_1048670092 .ux-shape-divider--bottom svg {\n  height: 150px;\n  --divider-width: 100%;\n}\n@media (min-width:550px) {\n  #section_1048670092 {\n    min-height: 600px;\n  }\n}\n@media (min-width:850px) {\n  #section_1048670092 {\n    min-height: 700px;\n  }\n}\n<\/style>\n\t<\/section>\n\t\n\t<section class=\"section dark\" id=\"section_230271626\">\n\t\t<div class=\"bg section-bg fill bg-fill  \" >\n\n\t\t\t\n\t\t\t<div class=\"section-bg-overlay absolute fill\"><\/div>\n\t\t\t\n\n\t\t<\/div>\n\n\t\t\n\n\t\t<div class=\"section-content relative\">\n\t\t\t\n<div class=\"row\"  id=\"row-89457642\">\n\n\t<div id=\"col-806198176\" class=\"col medium-8 small-12 large-6\"  >\n\t\t\t\t<div class=\"col-inner\"  >\n\t\t\t\n\t\t\t\n<div class=\"is-divider divider clearfix\" style=\"margin-top:10px;margin-bottom:10px;background-color:rgb(111, 166, 212);\"><\/div>\n\t<div id=\"text-2747060166\" class=\"text\">\n\t\t\n<h6>nOSSOS TRABALHOS<\/h6>\n<h3 class=\"thin-font uppercase\"><span style=\"font-size: 200%;\"><strong>villa mati<\/strong><br \/>\nJericoacoara &#8211; CE<\/span><\/h3>\n<p>O destaque do projeto foi a integra\u00e7\u00e3o das \u00e1reas internas com as externas.<\/p>\n\t\t\n<style>\n#text-2747060166 {\n  font-size: 0.85rem;\n}\n<\/style>\n\t<\/div>\n\t\n\t<div id=\"gap-434836882\" class=\"gap-element clearfix\" style=\"display:block; height:auto;\">\n\t\t\n<style>\n#gap-434836882 {\n  padding-top: 20px;\n}\n<\/style>\n\t<\/div>\n\t\n<a href=\"#projetos\" target=\"_self\" class=\"button white is-outline\"  >\n    <span>nossos PROJETOs<\/span>\n  <i class=\"icon-angle-right\" aria-hidden=\"true\" ><\/i><\/a>\n\n\t\t<\/div>\n\t\t\t\t\t<\/div>\n\n\t\n<\/div>\n\t\t<\/div>\n\n\t\t\n<style>\n#section_230271626 {\n  padding-top: 80px;\n  padding-bottom: 80px;\n  min-height: 500px;\n}\n#section_230271626 .section-bg-overlay {\n  background-color: rgba(0, 0, 0, 0.41);\n}\n#section_230271626 .section-bg.bg-loaded {\n  background-image: url(https:\/\/55studio.com\/wp-content\/uploads\/2023\/05\/03-1.jpg);\n}\n#section_230271626 .section-bg {\n  background-position: 32% 39%;\n}\n#section_230271626 .ux-shape-divider--top svg {\n  height: 150px;\n  --divider-top-width: 100%;\n}\n#section_230271626 .ux-shape-divider--bottom svg {\n  height: 150px;\n  --divider-width: 100%;\n}\n@media (min-width:550px) {\n  #section_230271626 {\n    min-height: 600px;\n  }\n}\n@media (min-width:850px) {\n  #section_230271626 {\n    min-height: 700px;\n  }\n}\n<\/style>\n\t<\/section>\n\t\n\t<section class=\"section dark\" id=\"section_1241189910\">\n\t\t<div class=\"bg section-bg fill bg-fill  \" >\n\n\t\t\t\n\t\t\t<div class=\"section-bg-overlay absolute fill\"><\/div>\n\t\t\t\n\n\t\t<\/div>\n\n\t\t\n\n\t\t<div class=\"section-content relative\">\n\t\t\t\n<div class=\"row\"  id=\"row-889805539\">\n\n\t<div id=\"col-776367714\" class=\"col medium-8 small-12 large-6\"  >\n\t\t\t\t<div class=\"col-inner\"  >\n\t\t\t\n\t\t\t\n<div class=\"is-divider divider clearfix\" style=\"margin-top:10px;margin-bottom:10px;background-color:rgb(111, 166, 212);\"><\/div>\n\t<div id=\"text-396003766\" class=\"text\">\n\t\t\n<h6>nOSSOS TRABALHOS<\/h6>\n<h3 class=\"thin-font uppercase\"><span style=\"font-size: 200%;\"><strong>villa paz<\/strong><br \/>\nJericoacoara &#8211; CE<\/span><\/h3>\n<p>O destaque do projeto foram os grandes arcos voltados \u00e0 piscina.<\/p>\n\t\t\n<style>\n#text-396003766 {\n  font-size: 0.85rem;\n}\n<\/style>\n\t<\/div>\n\t\n\t<div id=\"gap-1182898216\" class=\"gap-element clearfix\" style=\"display:block; height:auto;\">\n\t\t\n<style>\n#gap-1182898216 {\n  padding-top: 20px;\n}\n<\/style>\n\t<\/div>\n\t\n<a href=\"#projetos\" target=\"_self\" class=\"button white is-outline\"  >\n    <span>nossos PROJETOs<\/span>\n  <i class=\"icon-angle-right\" aria-hidden=\"true\" ><\/i><\/a>\n\n\t\t<\/div>\n\t\t\t\t\t<\/div>\n\n\t\n<\/div>\n\t\t<\/div>\n\n\t\t\n<style>\n#section_1241189910 {\n  padding-top: 80px;\n  padding-bottom: 80px;\n  min-height: 500px;\n}\n#section_1241189910 .section-bg-overlay {\n  background-color: rgba(0, 0, 0, 0.41);\n}\n#section_1241189910 .section-bg.bg-loaded {\n  background-image: url(https:\/\/55studio.com\/wp-content\/uploads\/2023\/06\/05-scaled.jpg);\n}\n#section_1241189910 .section-bg {\n  background-position: 32% 39%;\n}\n#section_1241189910 .ux-shape-divider--top svg {\n  height: 150px;\n  --divider-top-width: 100%;\n}\n#section_1241189910 .ux-shape-divider--bottom svg {\n  height: 150px;\n  --divider-width: 100%;\n}\n@media (min-width:550px) {\n  #section_1241189910 {\n    min-height: 600px;\n  }\n}\n@media (min-width:850px) {\n  #section_1241189910 {\n    min-height: 700px;\n  }\n}\n<\/style>\n\t<\/section>\n\t\n\t<section class=\"section dark\" id=\"section_1362544465\">\n\t\t<div class=\"bg section-bg fill bg-fill  \" >\n\n\t\t\t\n\t\t\t<div class=\"section-bg-overlay absolute fill\"><\/div>\n\t\t\t\n\n\t\t<\/div>\n\n\t\t\n\n\t\t<div class=\"section-content relative\">\n\t\t\t\n<div class=\"row\"  id=\"row-576851743\">\n\n\t<div id=\"col-950915773\" class=\"col medium-8 small-12 large-6\"  >\n\t\t\t\t<div class=\"col-inner\"  >\n\t\t\t\n\t\t\t\n<div class=\"is-divider divider clearfix\" style=\"margin-top:10px;margin-bottom:10px;background-color:rgb(111, 166, 212);\"><\/div>\n\t<div id=\"text-53500682\" class=\"text\">\n\t\t\n<h6>nOSSOS TRABALHOS<\/h6>\n<h3 class=\"thin-font uppercase\"><span style=\"font-size: 200%;\"><strong>la villa praia<\/strong><br \/>\njericoacoara &#8211; CE<\/span><\/h3>\n<p>O destaque do projeto \u00e9 a vista para a duna do p\u00f4r do sol com a piscina de borda infinita e os quartos com piscina privativa no terra\u00e7o.<\/p>\n\t\t\n<style>\n#text-53500682 {\n  font-size: 0.85rem;\n}\n<\/style>\n\t<\/div>\n\t\n\t<div id=\"gap-389231674\" class=\"gap-element clearfix\" style=\"display:block; height:auto;\">\n\t\t\n<style>\n#gap-389231674 {\n  padding-top: 20px;\n}\n<\/style>\n\t<\/div>\n\t\n<a href=\"#projetos\" target=\"_self\" class=\"button white is-outline\"  >\n    <span>nossos PROJETOs<\/span>\n  <i class=\"icon-angle-right\" aria-hidden=\"true\" ><\/i><\/a>\n\n\t\t<\/div>\n\t\t\t\t\t<\/div>\n\n\t\n<\/div>\n\t\t<\/div>\n\n\t\t\n<style>\n#section_1362544465 {\n  padding-top: 80px;\n  padding-bottom: 80px;\n  min-height: 500px;\n}\n#section_1362544465 .section-bg-overlay {\n  background-color: rgba(0, 0, 0, 0.41);\n}\n#section_1362544465 .section-bg.bg-loaded {\n  background-image: url(https:\/\/55studio.com\/wp-content\/uploads\/2023\/06\/pisina-di-notte-villa-praia-base-5.jpg);\n}\n#section_1362544465 .section-bg {\n  background-position: 32% 39%;\n}\n#section_1362544465 .ux-shape-divider--top svg {\n  height: 150px;\n  --divider-top-width: 100%;\n}\n#section_1362544465 .ux-shape-divider--bottom svg {\n  height: 150px;\n  --divider-width: 100%;\n}\n@media (min-width:550px) {\n  #section_1362544465 {\n    min-height: 600px;\n  }\n}\n@media (min-width:850px) {\n  #section_1362544465 {\n    min-height: 700px;\n  }\n}\n<\/style>\n\t<\/section>\n\t\n     <\/div>\n\n     <div class=\"loading-spin dark large centered\"><\/div>\n\n     \t<\/div>\n\n\n\t<section class=\"section show-for-medium\" id=\"section_1889387772\">\n\t\t<div class=\"bg section-bg fill bg-fill  \" >\n\n\t\t\t\n\t\t\t<div class=\"section-bg-overlay absolute fill\"><\/div>\n\t\t\t\n\n\t\t<\/div>\n\n\t\t\n\n\t\t<div class=\"section-content relative\">\n\t\t\t\n<div class=\"row row-collapse align-middle\"  id=\"row-1479877581\">\n\n\t<div id=\"col-1492633824\" class=\"col medium-12 small-12 large-6\"  >\n\t\t\t\t<div class=\"col-inner\"  >\n\t\t\t\n\t\t\t\n<div class=\"row\"  id=\"row-521663523\">\n\n\t<div id=\"col-968106782\" class=\"col small-12 large-12\"  >\n\t\t\t\t<div class=\"col-inner\"  >\n\t\t\t\n\t\t\t\n<div class=\"is-divider divider clearfix\" style=\"margin-top:10px;margin-bottom:10px;background-color:rgb(111, 166, 212);\"><\/div>\n\t<div id=\"text-2669868767\" class=\"text\">\n\t\t\n<h6>sobre n\u00f3s<\/h6>\n<h2><span style=\"font-size: 150%;\"> 55 Studio <\/span><\/h2>\n<p>\u00c9 uma jovem empresa atuante no mercado de Arquitetura e Design, capacitada para traduzir em projetos as necessidades, possibilidades e demandas dos clientes.<\/p>\n<p>Nossa atua\u00e7\u00e3o pode se iniciar ainda antes da elabora\u00e7\u00e3o do projeto propriamente dito, assessorando-os desde a escolha do terreno apropriado ao empreendimento, at\u00e9 a supervis\u00e3o dos servi\u00e7os preliminares de planejamento.<\/p>\n<p>Visando alcan\u00e7ar plenamente o objetivo dos nossos clientes, acreditamos no desenvolvimento de um relacionamento s\u00f3lido e transparente para atingir o sucesso e a satisfa\u00e7\u00e3o.<\/p>\n<p>Com sede em Fortaleza\/CE, no Brasil, a 55 Studio \u00e9 formada pelos s\u00f3cios Magno Freitas e Ricardo Rosenthal.<\/p>\n\t\t\n<style>\n#text-2669868767 {\n  font-size: 1rem;\n}\n<\/style>\n\t<\/div>\n\t\n\t\t<\/div>\n\t\t\t\t\n<style>\n#col-968106782 > .col-inner {\n  padding: 20px 0px 0px 0px;\n}\n<\/style>\n\t<\/div>\n\n\t\n\n<style>\n#row-521663523 > .col > .col-inner {\n  padding: 5% 5% 5% 5%;\n}\n@media (min-width:550px) {\n  #row-521663523 > .col > .col-inner {\n    padding: 10% 10% 10% 10%;\n  }\n}\n@media (min-width:850px) {\n  #row-521663523 > .col > .col-inner {\n    padding: 0px 10px 0px 10px;\n  }\n}\n<\/style>\n<\/div>\n\t\t<\/div>\n\t\t\t\t\t<\/div>\n\n\t\n\n\t<div id=\"col-1903558191\" class=\"col hide-for-small medium-12 small-12 large-6\"  >\n\t\t\t\t<div class=\"col-inner\"  >\n\t\t\t\n\t\t\t\n\n  <div class=\"banner has-hover\" id=\"banner-1390125949\">\n          <div class=\"banner-inner fill\">\n        <div class=\"banner-bg fill\" >\n            <div class=\"bg fill bg-fill \"><\/div>\n                                    \n                    <\/div>\n\t\t\n        <div class=\"banner-layers container\">\n            <div class=\"fill banner-link\"><\/div>            \n   <div id=\"text-box-1663581384\" class=\"text-box banner-layer x50 md-x50 lg-x50 y50 md-y50 lg-y50 res-text\">\n                                <div class=\"text-box-content text dark\">\n              \n              <div class=\"text-inner text-center\">\n                  \n              <\/div>\n           <\/div>\n                            \n<style>\n#text-box-1663581384 {\n  width: 60%;\n}\n#text-box-1663581384 .text-box-content {\n  font-size: 100%;\n}\n@media (min-width:550px) {\n  #text-box-1663581384 {\n    width: 60%;\n  }\n}\n<\/style>\n    <\/div>\n \n        <\/div>\n      <\/div>\n\n            \n<style>\n#banner-1390125949 {\n  padding-top: 50%;\n  background-color: rgba(255, 255, 255, 0.105);\n}\n#banner-1390125949 .ux-shape-divider--top svg {\n  height: 150px;\n  --divider-top-width: 100%;\n}\n#banner-1390125949 .ux-shape-divider--bottom svg {\n  height: 150px;\n  --divider-width: 100%;\n}\n@media (min-width:850px) {\n  #banner-1390125949 {\n    padding-top: 50px;\n  }\n}\n<\/style>\n  <\/div>\n\n\n\t\t<\/div>\n\t\t\t\t\t<\/div>\n\n\t\n<\/div>\n\t\t<\/div>\n\n\t\t\n<style>\n#section_1889387772 {\n  padding-top: 20px;\n  padding-bottom: 20px;\n}\n#section_1889387772 .section-bg-overlay {\n  background-color: rgba(255, 255, 255, 0.831);\n}\n#section_1889387772 .section-bg.bg-loaded {\n  background-image: url(https:\/\/55studio.com\/wp-content\/uploads\/2023\/05\/bg-mobile.png);\n}\n#section_1889387772 .ux-shape-divider--top svg {\n  height: 150px;\n  --divider-top-width: 100%;\n}\n#section_1889387772 .ux-shape-divider--bottom svg {\n  height: 150px;\n  --divider-width: 100%;\n}\n@media (min-width:550px) {\n  #section_1889387772 {\n    padding-top: 80px;\n    padding-bottom: 80px;\n  }\n  #section_1889387772 .section-bg-overlay {\n    background-color: rgba(255, 255, 255, 0.541);\n  }\n}\n<\/style>\n\t<\/section>\n\t\n\t<section class=\"section hide-for-small\" id=\"section_1600019847\">\n\t\t<div class=\"bg section-bg fill bg-fill  \" >\n\n\t\t\t\n\t\t\t<div class=\"section-bg-overlay absolute fill\"><\/div>\n\t\t\t\n\n\t\t<\/div>\n\n\t\t\n\n\t\t<div class=\"section-content relative\">\n\t\t\t\n<div class=\"row row-collapse align-middle\"  id=\"row-551644417\">\n\n\t<div id=\"col-1001662131\" class=\"col medium-12 small-12 large-6\"  >\n\t\t\t\t<div class=\"col-inner\"  >\n\t\t\t\n\t\t\t\n<div class=\"row\"  id=\"row-138706875\">\n\n\t<div id=\"col-2104966184\" class=\"col small-12 large-12\"  >\n\t\t\t\t<div class=\"col-inner\"  >\n\t\t\t\n\t\t\t\n<span class=\"scroll-to\" data-label=\"Scroll to: #sobre\" data-bullet=\"false\" data-link=\"#sobre\" data-title=\"Change this\"><a name=\"sobre\"><\/a><\/span>\n<div class=\"is-divider divider clearfix\" style=\"margin-top:10px;margin-bottom:10px;background-color:rgb(111, 166, 212);\"><\/div>\n<h6>sobre n\u00f3s<\/h6>\n<h2><span style=\"font-size: 150%;\"> 55 Studio <\/span><\/h2>\n<p>\u00c9 uma jovem empresa atuante no mercado de Arquitetura e Design, capacitada para traduzir em projetos as necessidades, possibilidades e demandas dos clientes.<\/p>\n<p>Nossa atua\u00e7\u00e3o pode se iniciar ainda antes da elabora\u00e7\u00e3o do projeto propriamente dito, assessorando-os desde a escolha do terreno apropriado ao empreendimento, at\u00e9 a supervis\u00e3o dos servi\u00e7os preliminares de planejamento.<\/p>\n<p>Visando alcan\u00e7ar plenamente o objetivo dos nossos clientes, acreditamos no desenvolvimento de um relacionamento s\u00f3lido e transparente para atingir o sucesso e a satisfa\u00e7\u00e3o.<\/p>\n<p>Com sede em Fortaleza\/CE, no Brasil, a 55 Studio \u00e9 formada pelos s\u00f3cios Magno Freitas e Ricardo Rosenthal.<\/p>\n\t\t<\/div>\n\t\t\t\t\n<style>\n#col-2104966184 > .col-inner {\n  padding: 20px 0px 0px 0px;\n}\n<\/style>\n\t<\/div>\n\n\t\n\n<style>\n#row-138706875 > .col > .col-inner {\n  padding: 5% 5% 5% 5%;\n}\n@media (min-width:550px) {\n  #row-138706875 > .col > .col-inner {\n    padding: 10% 10% 10% 10%;\n  }\n}\n@media (min-width:850px) {\n  #row-138706875 > .col > .col-inner {\n    padding: 0px 10px 0px 10px;\n  }\n}\n<\/style>\n<\/div>\n\t\t<\/div>\n\t\t\t\t\t<\/div>\n\n\t\n\n\t<div id=\"col-759702027\" class=\"col medium-12 small-12 large-6\"  >\n\t\t\t\t<div class=\"col-inner\"  >\n\t\t\t\n\t\t\t\n\n  <div class=\"banner has-hover\" id=\"banner-1958338437\">\n          <div class=\"banner-inner fill\">\n        <div class=\"banner-bg fill\" >\n            <div class=\"bg fill bg-fill \"><\/div>\n                                    \n                    <\/div>\n\t\t\n        <div class=\"banner-layers container\">\n            <div class=\"fill banner-link\"><\/div>            \n   <div id=\"text-box-2135691774\" class=\"text-box banner-layer x50 md-x50 lg-x50 y50 md-y50 lg-y50 res-text\">\n                                <div class=\"text-box-content text dark\">\n              \n              <div class=\"text-inner text-center\">\n                  \n              <\/div>\n           <\/div>\n                            \n<style>\n#text-box-2135691774 {\n  width: 60%;\n}\n#text-box-2135691774 .text-box-content {\n  font-size: 100%;\n}\n@media (min-width:550px) {\n  #text-box-2135691774 {\n    width: 60%;\n  }\n}\n<\/style>\n    <\/div>\n \n        <\/div>\n      <\/div>\n\n            \n<style>\n#banner-1958338437 {\n  padding-top: 50%;\n  background-color: rgba(255, 255, 255, 0.105);\n}\n#banner-1958338437 .ux-shape-divider--top svg {\n  height: 150px;\n  --divider-top-width: 100%;\n}\n#banner-1958338437 .ux-shape-divider--bottom svg {\n  height: 150px;\n  --divider-width: 100%;\n}\n@media (min-width:850px) {\n  #banner-1958338437 {\n    padding-top: 50px;\n  }\n}\n<\/style>\n  <\/div>\n\n\n\t\t<\/div>\n\t\t\t\t\t<\/div>\n\n\t\n<\/div>\n\t\t<\/div>\n\n\t\t\n<style>\n#section_1600019847 {\n  padding-top: 20px;\n  padding-bottom: 20px;\n}\n#section_1600019847 .section-bg-overlay {\n  background-color: rgba(255, 255, 255, 0.541);\n}\n#section_1600019847 .section-bg.bg-loaded {\n  background-image: url(https:\/\/55studio.com\/wp-content\/uploads\/2023\/05\/bg-1.png);\n}\n#section_1600019847 .ux-shape-divider--top svg {\n  height: 150px;\n  --divider-top-width: 100%;\n}\n#section_1600019847 .ux-shape-divider--bottom svg {\n  height: 150px;\n  --divider-width: 100%;\n}\n@media (min-width:550px) {\n  #section_1600019847 {\n    padding-top: 80px;\n    padding-bottom: 80px;\n  }\n}\n<\/style>\n\t<\/section>\n\t\n","protected":false},"excerpt":{"rendered":"","protected":false},"author":1,"featured_media":0,"parent":0,"menu_order":0,"comment_status":"closed","ping_status":"closed","template":"page-blank.php","meta":[],"_links":{"self":[{"href":"https:\/\/55studio.com\/index.php\/wp-json\/wp\/v2\/pages\/13"}],"collection":[{"href":"https:\/\/55studio.com\/index.php\/wp-json\/wp\/v2\/pages"}],"about":[{"href":"https:\/\/55studio.com\/index.php\/wp-json\/wp\/v2\/types\/page"}],"author":[{"embeddable":true,"href":"https:\/\/55studio.com\/index.php\/wp-json\/wp\/v2\/users\/1"}],"replies":[{"embeddable":true,"href":"https:\/\/55studio.com\/index.php\/wp-json\/wp\/v2\/comments?post=13"}],"version-history":[{"count":56,"href":"https:\/\/55studio.com\/index.php\/wp-json\/wp\/v2\/pages\/13\/revisions"}],"predecessor-version":[{"id":389,"href":"https:\/\/55studio.com\/index.php\/wp-json\/wp\/v2\/pages\/13\/revisions\/389"}],"wp:attachment":[{"href":"https:\/\/55studio.com\/index.php\/wp-json\/wp\/v2\/media?parent=13"}],"curies":[{"name":"wp","href":"https:\/\/api.w.org\/{rel}","templated":true}]}}